e a(0). Let c = -739 - t. Let m = 761 - c. Is m prime?
True
Let x be (-2991261)/(-231) - 2/11. Let a = -7898 + x. Is a prime?
True
Let f(m) = m**3 + m - 4998. Let z be f(0). Let o(i) = 17*i**2 + 25*i - 25. Let d be o(22). Let b = d + z. Is b a composite number?
True
Let y(j) = -17*j**2 + 10*j - 9. Let k be y(1). Is (6/5)/(13/((-524680)/k)) a composite number?
True
Let q = 8056 + 12081. Is q a prime number?
False
Let z(c) = 11*c**2 - 6*c - 2. Let n = 26 + -23. Let a(s) = -11*s**2 + 5*s + 1. Let m(i) = n*a(i) + 4*z(i). Is m(-3) prime?
False
Suppose -4*f = -p - 9, f = -4*f - p + 9. Suppose -2*t = 4*n - 3586, f*n = 5*t - 1416 - 7561. Is t a prime number?
False
Suppose 4*q + 4 = -5*a, 0 = -2*a + 4*q - 0 + 4. Suppose -24 + 22 = 2*y, -5*l - y + 5814 = a. Is l a composite number?
False
Suppose 2972 + 20037 = -19*p. Let r = -526 - p. Is r a composite number?
True
Is ((-5575650)/200)/((-3)/4) a prime number?
True
Let r(k) = -k**3 + 5*k**2 + 15*k - 3. Let d be r(7). Suppose -2*p - 14 = -4*u + 3*u, 3*u - 22 = -d*p. Suppose -6*c + c + 1333 = 2*w, 0 = -2*c - u. Is w prime?
False
Let q be 25675/175 - 4/(-14). Suppose 16*r - q = 9*r. Let f(l) = -l**3 + 27*l**2 + 15*l - 26. Is f(r) a composite number?
True
Let b(l) = -l**3 + l**2 - l + 5. Suppose -2*p - 4*p = 0. Let z be b(p). Suppose 2*y = 3*q - 2280, -2*y = -z*q - 5*y + 3781. Is q prime?
False
Let p be (-3)/(-18) + (-218650)/(-12). Let u = -10603 + p. Suppose -2*k = 4*m - u, -738 = 2*m + 5*k - 4527. Is m composite?
False
Suppose 2*j = 2*s - 107 - 1227, 3*s - 1976 = -2*j. Is s a prime number?
False
Suppose -3*p + 175288 = 5*h, -3*p + 30105 = -5*h + 205387. Is h a prime number?
False
Let k be -11832 - 7 - 1 - 5. Let g = 18804 + k. Is g composite?
False
Let q be (-1)/(-2)*-36*10/20. Let c(u) = 10*u**2 + u - 30. Is c(q) composite?
True
Suppose 3*q = 5*z + 6396 + 4175, -4*q = -8. Let b = 430 - 954. Let p = b - z. Is p prime?
False
Suppose 4*q - 1189209 - 1361587 = 0. Is q a composite number?
False
Let b = 23638 + -7145. Is b composite?
False
Is (-211305)/2*(-108)/270 composite?
True
Let z = 4 - 2. Suppose 2*y - z*h - 76 = 0, y + 7*h = 2*h + 20. Is ((-8057)/y)/(2 - (-22)/(-10)) prime?
True
Suppose -12*f - 2 = -13*f. Suppose -f*o + 79948 = -3*w, 2 = -0*w - w. Is o a prime number?
True
Let h(q) = -5*q**2 + 4*q + 2. Suppose 6 = -6*m - 0*m. Let o be h(m). Let n(w) = -6*w**3 - 12*w**2 - 14*w - 9. Is n(o) composite?
False
Let a(w) = -3*w + 12. Let i be a(6). Is 482139/54 - 3/i composite?
False
Let q(y) be the third derivative of y**4/12 + y**3/2 - 9*y**2. Let t be q(4). Suppose t*s - 15*s = -1948. Is s a prime number?
True
Let u(l) be the second derivative of 16*l + 41/6*l**3 + 0 + 47/2*l**2. Is u(22) a composite number?
True
Is 953/(((-12)/(-144)*-4)/(166/(-6))) composite?
True
Suppose -2*j = -q - 22266, -q + 1532 = j - 9598. Suppose -4*n = -4*d - j, -4*n + 11138 = -0*n - d. Is n composite?
True
Suppose 3*b + 5*c - 19 = 0, 0*b - 3*b = -4*c - 1. Suppose -b*n + 3004 = s - 6*s, n - 1001 = 2*s. Is n prime?
False
Let g = -233 + 503. Is -1 + 1/(g/(-55) - -5) prime?
False
Is (5600651/(-98))/((-2)/4) a prime number?
True
Let l be ((-10)/(-4))/(2/(-4)). Let a(r) = r**2 + 4*r - 7. Let t be a(l). Is -1 - -799 - (-1)/((-2)/t) a composite number?
True
Let a(j) be the third derivative of j**6/120 + 7*j**5/20 - 31*j**4/24 + 13*j**3/6 - 14*j**2. Let k = -38 - -16. Is a(k) a prime number?
True
Suppose 10*h + 5300 + 115440 = 0. Let d = -5369 - h. Suppose -7*a + 16*a - d = 0. Is a composite?
True
Suppose 4*j + y = 71, 0 = 5*j - 2*j - 4*y - 58. Let o(x) = -176*x + 3485. Let z be o(20). Let g = j - z. Is g composite?
False
Suppose 6*r + 163 = 187. Suppose 0 = 3*v + r*g - 4091, g = -4*v + 2467 + 2966. Is v a prime number?
False
Suppose 4 = -4*q - 4. Let j be (-3569)/q + 30/(-20). Suppose -7*a + 1458 = -j. Is a composite?
False
Suppose 275794 - 56801 = 5*f - 2*d, f - 43794 = 5*d. Is f a prime number?
False
Let s = 25 - 25. Suppose -4*h - 3*i = -11, -24 = -s*h - 3*h + 3*i. Suppose -n = 2*v - 5123, 0*v + h*v - 12807 = -2*n. Is v composite?
True
Is (895189/91*-7)/(2/(-26)) a prime number?
True
Let h = 156146 + 230151. Is h a composite number?
False
Let i(d) = 2*d - 2 + 23*d**2 + 15 + 12. Let m(w) = -70*w**2 - 5*w - 76. Let h(x) = 7*i(x) + 2*m(x). Is h(8) a composite number?
False
Suppose 14*p - 9*p + 7*p - 35268 = 0. Is p composite?
False
Is ((-151260)/75)/(26/10 - 3) composite?
True
Suppose 4*z - 3 - 13 = 0. Suppose 0 = -z*q + 6*q - 1914. Suppose -2*d + 469 + q = 0. Is d composite?
True
Let z(w) = 4*w**3 + 20*w**2 - 47*w + 11. Let d(x) = -18*x - 96. Let t be d(-6). Is z(t) composite?
False
Let b = 1486814 - 230301. Is b a prime number?
False
Suppose -3779835 - 678677 = -16*h. Is h composite?
True
Is 6335 - (6/(-4))/(21/42) a prime number?
False
Is ((-9 - 3 - -7) + 6)*(2 - -472847) prime?
False
Suppose -5*z - 2*k + 26 = -24, -3*z - 3*k = -21. Let r be (9/z)/((2 - -2)/(-16)). Is 5 + r + (1649 - 0) composite?
True
Let l be (84/(-20))/7 + (-3)/(-5). Suppose 0 = 6*k - l*k - 11838. Suppose -2623 = -4*d + k. Is d prime?
False
Let b be (-1 - 1) + 18 + 321. Let m = b + 130. Is m a composite number?
False
Let u = -19 + 20. Let r be (-3 - -2) + -3 - (u - 5338). Is 2/6*r - 56/84 a prime number?
True
Let c = 14752 + 8182. Is c prime?
False
Let m be -1 + 18/(-8) + 3/(-4). Let o be 7225/(-10) + m/(-8). Let g = 5317 + o. Is g prime?
False
Let m(u) = 18*u**2 + 26*u - 1. Suppose 4*y + v - 13 = 0, -v = -4*y + 3*v + 28. Is m(y) composite?
True
Suppose 116*b = 2968945 + 6718563. Is b a composite number?
True
Let s(g) = -6*g**3 - 10*g**2 - 2*g - 6. Let l(b) = 7*b**3 + 9*b**2 + b + 4. Let k(y) = 5*l(y) + 6*s(y). Let a = -15 + -6. Is k(a) a prime number?
True
Suppose 10077 = -3*i + 6*i - 4*b, 4*b = -12. Is 4/(-6) - i/(-15) prime?
True
Let h(i) = 541*i**2 + 5*i - 5. Let b be h(1). Suppose -b = -2*q + q. Is q composite?
False
Let a = -4338 - -1742. Let g = 985 - a. Is g prime?
True
Suppose -9*c + 218 = -52. Let g = 64 - c. Let b = g + -28. Is b composite?
True
Suppose -142*t + 54*t + 1241946 = -34*t. Is t composite?
True
Suppose -i + 0*i = -4*l + 4, -i + 2*l = 2. Let b(w) = w + 8999. Is b(i) a composite number?
False
Suppose 0*b + 6 = 2*b. Is (-1)/b - (52408/(-12) + -6) a prime number?
True
Let g(c) = 20467*c - 3733. Is g(38) prime?
False
Let x = 581 - 985. Let f = -73 - x. Suppose 4*l = a - f, -3*a - l - 221 = -1175. Is a a prime number?
False
Is (-1020734)/(-6) - (20/12 - (-104)/(-78)) prime?
False
Let r(j) = 3*j**2 - 39*j - 287. Let z be r(-6). Is (-3)/30*-2 - (-124674)/z prime?
True
Let w(g) = -2*g**3 - 8*g**2 + 3*g - 13. Suppose h - 2*s = 3, 3*h - 3*s = -0*h. Let z be ((-10)/h)/((-19)/57). Is w(z) a composite number?
True
Suppose -2*x + 1060 + 2036 = 3*f, -3*f - 6210 = -4*x. Let c = 2700 - x. Is c prime?
False
Let u = -87 + 92. Suppose -2*g = g + u*a + 13, 15 = -2*g + 3*a. Is ((-291)/g)/(1/10) composite?
True
Let t(v) be the first derivative of 5*v**3/3 + 8*v**2 + 20*v + 685. Let q be -2 - (7 - (-1 - 1)). Is t(q) prime?
True
Let u(m) = -7*m**2 + 4*m + 2. Let s be u(5). Suppose -32*h + 7236 = -5*h. Let q = s + h. Is q composite?
True
Let p(x) = x. Let t(m) = -m**3 + 19*m**2 - 33*m - 16. Let q be t(17). Let j(h) = h**3 + 7*h**2 - 24*h - 13. Let w(k) = q*j(k) - 4*p(k). Is w(-6) prime?
True
Suppose -36*j + 9*j = -864. Is (((-119860)/(-16))/(-5))/((-8)/j) a composite number?
True
Let y be (12/18)/(4/(-18)). Let u be (15/50)/(y/(-4))*10. Is 23492/(-35)*(-10)/u composite?
True
Suppose 5*u - 875490 = -5*w, 2*w - 5*u - 525286 = -w. Is w composite?
True
Suppose 25*f - 20*f = -20. Let z be (-4 + (8 - f))/2. Suppose 3*p + 0*p - 4*d = 133, -2*d = -z*p + 184. Is p a prime number?
True
Is (-169924)/6*(-471)/314 prime?
False
Let l(z) be the third derivative of 3167*z**4/24 - 2*z**3/3 - 2*z**2 - 2*z. Is l(1) a composite number?
False
Let r(s) be the first derivative of s**5/10 - 7*s**4/24 + 19*s**3/6 - 3*s**2 - 14. Let y(a) be the second derivative of r(a). Is y(8) a prime number?
True
Let g(y) = -80*y**3 + 11*y**2 + 16*y - 43. Is g(-10) a prime number?
True
Let x be ((-11)/((-77)/21))/(2/(-1702)). Let o = -580 - x. Is o a prime number?
True
Let h = -700692 + 1092823. Is h a prime number?
True
Let b = 205 - 235. Is (-47138)/(-70) + (-3)/b*-4 prime?
True
Let o = 6136 + 2898. I